{"id":1753,"date":"2021-12-14T11:34:58","date_gmt":"2021-12-14T10:34:58","guid":{"rendered":"https:\/\/tondelli.comune.correggio.re.it\/premio-opere-edite-di-giovani-narratori-2006\/"},"modified":"2021-12-14T11:34:58","modified_gmt":"2021-12-14T10:34:58","slug":"premio-opere-edite-di-giovani-narratori-2006","status":"publish","type":"page","link":"https:\/\/tondelli.comune.correggio.re.it\/en\/news-and-events\/premi\/opere-edite\/1a-edizione-2005\/premio-opere-edite-di-giovani-narratori-2006\/","title":{"rendered":"Premio Opere edite di giovani narratori 2006"},"content":{"rendered":"\n<p>La Giuria dei Premi Tondelli (presieduta da Ezio Raimondi e composta da: Alberto Bertoni, Roberto Daolio, Fabrizio Frasnedi, Fulvio Panzeri, Antonio Spadaro e Viller Masoni) ha individuato la rosa dei finalisti del Premio per opere edite di narrativa di giovani scrittori italiani. Si tratta di 9 titoli scelti fra i 68 ammessi al Concorso (altre 10 opere sono state escluse per inadempienze rispetto a quanto prescritto dal relativo regolamento).<\/p>\n\n\n\n<p>Nei prossimi mesi si svolgeranno iniziative di presentazione e segnalazione delle opere finaliste, mentre la cerimonia di premiazione dell&#8217;opera vincitrice si svolger\u00e0 il 16 dicembre, nell&#8217;ambito delle Giornate Tondelli 2006.<\/p>\n\n\n\n<p>Nello spirito &#8220;promozionale&#8221; del concorso, la Giuria sollecita i lettori a segnalare la loro valutazione, inviando il proprio voto ed eventualmente una breve recensione su una o pi\u00f9 di tali opere, che potranno essere espressi tramite un apposito modulo disponibile sul nostro sito internet da inviare alla Segreteria del Centro entro il 31 ottobre.<\/p>\n\n\n\n<p>Queste le opere finaliste:<\/p>\n\n\n\n<div class=\"wp-block-media-text is-stacked-on-mobile\" style=\"grid-template-columns:40% auto\"><figure class=\"wp-block-media-text__media\"><img loading=\"lazy\" decoding=\"async\" width=\"197\" height=\"302\" src=\"https:\/\/tondelli.comune.correggio.re.it\/wp-content\/uploads\/2021\/12\/AlessandraAmitrano-BrokenBarbie-1.jpg\" alt=\"\" class=\"wp-image-327 size-full\" srcset=\"https:\/\/tondelli.comune.correggio.re.it\/wp-content\/uploads\/2021\/12\/AlessandraAmitrano-BrokenBarbie-1.jpg 197w, https:\/\/tondelli.comune.correggio.re.it\/wp-content\/uploads\/2021\/12\/AlessandraAmitrano-BrokenBarbie-1-196x300.jpg 196w\" sizes=\"auto, (max-width: 197px) 100vw, 197px\" \/><\/figure><div class=\"wp-block-media-text__content\">\n<p><strong>Alessandra Amitrano, Broken Barbie, Fazi editore<\/strong><\/p>\n\n\n\n<p>Stella \u00e8 una ragazza spezzata, anche se nessuno riesce a vederlo. Passa la vita a cercare ossessivamente, instancabilmente, quelli come lei, della sua razza, rotti dentro. Detesta la sua citt\u00e0, Napoli, la puzza delle strade, la gente che ci vive, il mare, il sole, i tifosi. Divora quantit\u00e0 spropositate di cibo oppure non mangia niente. Passa da una storia all&#8217;altra e si sposta continuamente di citt\u00e0 in citt\u00e0, di piazza in piazza, si rifiuta ostinatamente di crescere ed \u00e8 incatenata alla sua adolescenza.<\/p>\n<\/div><\/div>\n\n\n\n<div class=\"wp-block-media-text is-stacked-on-mobile\" style=\"grid-template-columns:40% auto\"><figure class=\"wp-block-media-text__media\"><img loading=\"lazy\" decoding=\"async\" width=\"219\" height=\"299\" src=\"https:\/\/tondelli.comune.correggio.re.it\/wp-content\/uploads\/2021\/12\/16-vitamine.jpg\" alt=\"\" class=\"wp-image-326 size-full\"\/><\/figure><div class=\"wp-block-media-text__content\">\n<p><strong>Ivano Bariani, 16 vitamine, Minimum Fax<\/strong><\/p>\n\n\n\n<p>Nice, ventiseienne rappresentante di Babbi Natale in scala 1:1, \u00e8 in viaggio per Milano, dove lo aspettano un editore e un bizzarro agente discografico. Ha sottratto al padre, un ex scrittore di fama chiuso da anni nel mutismo, un manoscritto che potrebbe risollevare le sorti dell&#8217;intera famiglia. Nel frattempo suo cugino S\u00e0imo, sassofonista di un gruppo rock, gli ha consegnato anche il cd che sancir\u00e0 il loro ingresso nella scena dei rave illegali. Non \u00e8 finita: Giovanni, detto Gi&#8217;, sta per ficcarsi in un brutto guaio e Demo, il Babbo Natale sponsorizzato da Nice, inizia ad acquistare un&#8217;esistenza autonoma\u2026<\/p>\n<\/div><\/div>\n\n\n\n<div class=\"wp-block-media-text is-stacked-on-mobile\" style=\"grid-template-columns:40% auto\"><figure class=\"wp-block-media-text__media\"><img loading=\"lazy\" decoding=\"async\" width=\"200\" height=\"314\" src=\"https:\/\/tondelli.comune.correggio.re.it\/wp-content\/uploads\/2021\/12\/CristianoCavina-AllaGrande.jpg\" alt=\"\" class=\"wp-image-329 size-full\" srcset=\"https:\/\/tondelli.comune.correggio.re.it\/wp-content\/uploads\/2021\/12\/CristianoCavina-AllaGrande.jpg 200w, https:\/\/tondelli.comune.correggio.re.it\/wp-content\/uploads\/2021\/12\/CristianoCavina-AllaGrande-191x300.jpg 191w\" sizes=\"auto, (max-width: 200px) 100vw, 200px\" \/><\/figure><div class=\"wp-block-media-text__content\">\n<p><strong>Cristiano Cavina, Alla grande, Marcos y Marcos<\/strong><\/p>\n\n\n\n<p>Di babbo si sa poco o nulla, mamma \u00e8 ruvida e silenziosa, nonno passa giornate facendo partitine al bar, nonna e la gatta giocano a fare i soprammobili. Bastiano Casaccia \u00e8 invece un ragazzino di campagna turbolento e un po&#8217; ingenuo. Ma sa trasformare un bidone del rusco in un sommergibile, la propria bicicletta in una Turboberta fedele e scattante, dalle prestazioni imbattibili. La sua fantasia trasforma un mondo modesto, quasi isolato, in un grande e avvincente teatro.<\/p>\n<\/div><\/div>\n\n\n\n<div class=\"wp-block-media-text is-stacked-on-mobile\" style=\"grid-template-columns:40% auto\"><figure class=\"wp-block-media-text__media\"><img loading=\"lazy\" decoding=\"async\" width=\"150\" height=\"223\" src=\"https:\/\/tondelli.comune.correggio.re.it\/wp-content\/uploads\/2021\/12\/SciltianGastaldi-Angeli.jpg\" alt=\"\" class=\"wp-image-333 size-full\"\/><\/figure><div class=\"wp-block-media-text__content\">\n<p><strong>Sciltian Gastaldi, Angeli da un&#8217;ala soltanto, Pequod<\/strong><\/p>\n\n\n\n<p>Due diciannovenni come tanti si amano, con un&#8217;intensit\u00e0 tale da farli sentire come angeli da un&#8217;ala soltanto: possono volare solo abbracciati. I due, romani, si conoscono attraverso le asettiche righe di un &#8220;messaggio in bottiglia&#8221; lasciato nella bacheca di un sito internet. Inizia cos\u00ec un rapporto bello, condito per\u00f2 dalle incertezze che dominano ogni prima relazione gay, tra crisi e rappacificazioni. Fino a quando l&#8217;amore finisce e l&#8217;adolescente sognatore lascia spazio a un giovane uomo che ha imparato il senso del disincanto.<\/p>\n<\/div><\/div>\n\n\n\n<div class=\"wp-block-media-text is-stacked-on-mobile\" style=\"grid-template-columns:40% auto\"><figure class=\"wp-block-media-text__media\"><img loading=\"lazy\" decoding=\"async\" width=\"200\" height=\"300\" src=\"https:\/\/tondelli.comune.correggio.re.it\/wp-content\/uploads\/2021\/12\/ilmangiatoredipietre.jpg\" alt=\"\" class=\"wp-image-330 size-full\"\/><\/figure><div class=\"wp-block-media-text__content\">\n<p><strong>Davide Longo, Il mangiatore di pietre, Marcos y Marcos<\/strong><\/p>\n\n\n\n<p>\u00c8 sera in una valle del Piemonte al confine con la Francia. Cesare \u00e8 nella sua baita quando si accorge che manca l&#8217;acqua. Sale a dare un&#8217;occhiata. Al torrente lo aspetta una macabra scoperta: \u00e8 il cadavere del suo amico Fausto, morto assassinato, a tappare la condotta. La voce si sparge in fretta e la gente non parla volentieri. Tutti, polizia compresa, sono convinti che il delitto sia legato al traffico di clandestini attraverso il passo. Cesare indaga da solo sulla morte dell&#8217;amico, scoprendo che il movente \u00e8 da ricercare in un&#8217;altra direzione.<\/p>\n<\/div><\/div>\n\n\n\n<div class=\"wp-block-media-text is-stacked-on-mobile\" style=\"grid-template-columns:40% auto\"><figure class=\"wp-block-media-text__media\"><img loading=\"lazy\" decoding=\"async\" width=\"248\" height=\"366\" src=\"https:\/\/tondelli.comune.correggio.re.it\/wp-content\/uploads\/2021\/12\/MarcoMancassola-Lastloveparade.jpg\" alt=\"\" class=\"wp-image-331 size-full\" srcset=\"https:\/\/tondelli.comune.correggio.re.it\/wp-content\/uploads\/2021\/12\/MarcoMancassola-Lastloveparade.jpg 248w, https:\/\/tondelli.comune.correggio.re.it\/wp-content\/uploads\/2021\/12\/MarcoMancassola-Lastloveparade-203x300.jpg 203w\" sizes=\"auto, (max-width: 248px) 100vw, 248px\" \/><\/figure><div class=\"wp-block-media-text__content\">\n<p><strong>Marco Mancassola, Last love parade, Mondadori<\/strong><\/p>\n\n\n\n<p>La Love Parade \u00e8 stata per oltre un decennio l&#8217;evento pi\u00f9 importante dell&#8217;anno per molti amanti della musica techno, sparsi in tutto il mondo. Marco Mancassola, che di Love Parade ne ha vissute tante &#8220;sulla propria pelle&#8221;, racconta in questo libro la nascita e l&#8217;evoluzione della techno e ripercorre attraverso la sua memoria di adolescente e di ventenne le esperienze personali, e non, che hanno segnato gli anni Novanta.<\/p>\n<\/div><\/div>\n\n\n\n<div class=\"wp-block-media-text is-stacked-on-mobile\" style=\"grid-template-columns:40% auto\"><figure class=\"wp-block-media-text__media\"><img loading=\"lazy\" decoding=\"async\" width=\"196\" height=\"300\" src=\"https:\/\/tondelli.comune.correggio.re.it\/wp-content\/uploads\/2021\/12\/AlessioOdini-Il-sottile-respiro-elettrico-di-Milano.jpg\" alt=\"\" class=\"wp-image-328 size-full\"\/><\/figure><div class=\"wp-block-media-text__content\">\n<p><strong>Alessio Odini, Il sottile respiro elettrico di Milano, Edizioni Clandestine<\/strong><\/p>\n\n\n\n<p>Il libro rappresenta un affresco socio-culturale di una generazione di passaggio, in cerca di punti di riferimento sempre pi\u00f9 sfuggenti: nel corso del racconto si incontrano e si scontrano individui e comunit\u00e0 di persone mosse pi\u00f9 dalla noia e dall&#8217;insoddisfazione che dall&#8217;ideologia. Le periferie, come le metropoli tutte, appaiono come luoghi privi di certezze e prospettive che non siano le indicazioni &#8220;omologate&#8221; della televisione. Il romanzo di Odini riflette il disagio di rapportarsi al mondo circostante delle nuove generazioni.<\/p>\n<\/div><\/div>\n\n\n\n<div class=\"wp-block-media-text is-stacked-on-mobile\" style=\"grid-template-columns:40% auto\"><figure class=\"wp-block-media-text__media\"><img loading=\"lazy\" decoding=\"async\" width=\"183\" height=\"276\" src=\"https:\/\/tondelli.comune.correggio.re.it\/wp-content\/uploads\/2021\/12\/MattiaSignorini.jpg\" alt=\"\" class=\"wp-image-332 size-full\"\/><\/figure><div class=\"wp-block-media-text__content\">\n<p><strong>Mattia Signorini, Severo American Bar, Pequod<\/strong><\/p>\n\n\n\n<p>Un romanzo generazionale che mette a nudo il quotidiano di un gruppo di amici. C&#8217;\u00e8 un viaggio a Torino per staccarsi dall&#8217;afa e dall&#8217;inclemenza esistenziale della pianura; c&#8217;\u00e8 il mondo anonimo della provincia polesana con le serate ai bar o all&#8217;argine del fiume passate a scoprire il cuore e le illusioni; c&#8217;\u00e8 una vacanza in Inghilterra e in Irlanda; c&#8217;\u00e8 il ritorno alla Rovigo di sempre ma ormai guardata con amarezza, dopo aver scoperto che il valore fondamentale dell&#8217;amicizia nasconde qualche crepa.<\/p>\n<\/div><\/div>\n\n\n\n<div class=\"wp-block-media-text is-stacked-on-mobile\" style=\"grid-template-columns:40% auto\"><figure class=\"wp-block-media-text__media\"><img loading=\"lazy\" decoding=\"async\" width=\"191\" height=\"300\" src=\"https:\/\/tondelli.comune.correggio.re.it\/wp-content\/uploads\/2021\/12\/shulim-vogelmann.jpg\" alt=\"\" class=\"wp-image-334 size-full\"\/><\/figure><div class=\"wp-block-media-text__content\">\n<p><strong>Shulim Vogelmann, Mentre la citt\u00e0 bruciava, La Giuntina<\/strong><\/p>\n\n\n\n<p>Tra cronaca e diario, il libro ci fa conoscere Israele attraverso gli occhi di un giovane ebreo italiano alla ricerca delle proprie radici. Con l&#8217;onest\u00e0 e la curiosit\u00e0 dei vent&#8217;anni, l&#8217;autore ci racconta la quotidianit\u00e0 di un gruppo di ragazzi che vivono tra dubbi e domande a cui \u00e8 difficile dare risposta. Ne emerge uno spaccato della realt\u00e0 israeliana, in cui le contraddizioni vengono vissute nella loro drammaticit\u00e0, senza cercare mai di tirarsi indietro di fronte alla fatica dell&#8217;interrogarsi. Un libro che affronta senza paura i vari aspetti dell&#8217;identit\u00e0 ebraica.<\/p>\n<\/div><\/div>\n","protected":false},"excerpt":{"rendered":"<p>Finalisti del Premio Tondelli per opere edite di narrativa di giovani scrittori italiani<\/p>\n","protected":false},"author":1,"featured_media":0,"parent":1767,"menu_order":1,"comment_status":"closed","ping_status":"closed","template":"","meta":{"footnotes":""},"tags":[],"class_list":["post-1753","page","type-page","status-publish","hentry"],"_links":{"self":[{"href":"https:\/\/tondelli.comune.correggio.re.it\/en\/wp-json\/wp\/v2\/pages\/1753","targetHints":{"allow":["GET"]}}],"collection":[{"href":"https:\/\/tondelli.comune.correggio.re.it\/en\/wp-json\/wp\/v2\/pages"}],"about":[{"href":"https:\/\/tondelli.comune.correggio.re.it\/en\/wp-json\/wp\/v2\/types\/page"}],"author":[{"embeddable":true,"href":"https:\/\/tondelli.comune.correggio.re.it\/en\/wp-json\/wp\/v2\/users\/1"}],"replies":[{"embeddable":true,"href":"https:\/\/tondelli.comune.correggio.re.it\/en\/wp-json\/wp\/v2\/comments?post=1753"}],"version-history":[{"count":0,"href":"https:\/\/tondelli.comune.correggio.re.it\/en\/wp-json\/wp\/v2\/pages\/1753\/revisions"}],"up":[{"embeddable":true,"href":"https:\/\/tondelli.comune.correggio.re.it\/en\/wp-json\/wp\/v2\/pages\/1767"}],"wp:attachment":[{"href":"https:\/\/tondelli.comune.correggio.re.it\/en\/wp-json\/wp\/v2\/media?parent=1753"}],"wp:term":[{"taxonomy":"post_tag","embeddable":true,"href":"https:\/\/tondelli.comune.correggio.re.it\/en\/wp-json\/wp\/v2\/tags?post=1753"}],"curies":[{"name":"wp","href":"https:\/\/api.w.org\/{rel}","templated":true}]}}

<p>La Giuria dei Premi Tondelli (presieduta da Ezio Raimondi e composta da: Alberto Bertoni, Roberto Daolio, Fabrizio Frasnedi, Fulvio Panzeri, Antonio Spadaro e Viller Masoni) ha individuato la rosa dei finalisti del Premio per opere edite di narrativa di giovani scrittori italiani. Si tratta di 9 titoli scelti fra i 68 ammessi al Concorso (altre 10 opere sono state escluse per inadempienze rispetto a quanto prescritto dal relativo regolamento).</p>



<p>Nei prossimi mesi si svolgeranno iniziative di presentazione e segnalazione delle opere finaliste, mentre la cerimonia di premiazione dell&#8217;opera vincitrice si svolgerà il 16 dicembre, nell&#8217;ambito delle Giornate Tondelli 2006.</p>



<p>Nello spirito &#8220;promozionale&#8221; del concorso, la Giuria sollecita i lettori a segnalare la loro valutazione, inviando il proprio voto ed eventualmente una breve recensione su una o più di tali opere, che potranno essere espressi tramite un apposito modulo disponibile sul nostro sito internet da inviare alla Segreteria del Centro entro il 31 ottobre.</p>



<p>Queste le opere finaliste:</p>



<div class="wp-block-media-text is-stacked-on-mobile" style="grid-template-columns:40% auto"><figure class="wp-block-media-text__media"><img loading="lazy" decoding="async" width="197" height="302" src="https://tondelli.comune.correggio.re.it/wp-content/uploads/2021/12/AlessandraAmitrano-BrokenBarbie-1.jpg" alt="" class="wp-image-327 size-full" srcset="https://tondelli.comune.correggio.re.it/wp-content/uploads/2021/12/AlessandraAmitrano-BrokenBarbie-1.jpg 197w, https://tondelli.comune.correggio.re.it/wp-content/uploads/2021/12/AlessandraAmitrano-BrokenBarbie-1-196x300.jpg 196w" sizes="auto, (max-width: 197px) 100vw, 197px" /></figure><div class="wp-block-media-text__content">
<p><strong>Alessandra Amitrano, Broken Barbie, Fazi editore</strong></p>



<p>Stella è una ragazza spezzata, anche se nessuno riesce a vederlo. Passa la vita a cercare ossessivamente, instancabilmente, quelli come lei, della sua razza, rotti dentro. Detesta la sua città, Napoli, la puzza delle strade, la gente che ci vive, il mare, il sole, i tifosi. Divora quantità spropositate di cibo oppure non mangia niente. Passa da una storia all&#8217;altra e si sposta continuamente di città in città, di piazza in piazza, si rifiuta ostinatamente di crescere ed è incatenata alla sua adolescenza.</p>
</div></div>



<div class="wp-block-media-text is-stacked-on-mobile" style="grid-template-columns:40% auto"><figure class="wp-block-media-text__media"><img loading="lazy" decoding="async" width="219" height="299" src="https://tondelli.comune.correggio.re.it/wp-content/uploads/2021/12/16-vitamine.jpg" alt="" class="wp-image-326 size-full"/></figure><div class="wp-block-media-text__content">
<p><strong>Ivano Bariani, 16 vitamine, Minimum Fax</strong></p>



<p>Nice, ventiseienne rappresentante di Babbi Natale in scala 1:1, è in viaggio per Milano, dove lo aspettano un editore e un bizzarro agente discografico. Ha sottratto al padre, un ex scrittore di fama chiuso da anni nel mutismo, un manoscritto che potrebbe risollevare le sorti dell&#8217;intera famiglia. Nel frattempo suo cugino Sàimo, sassofonista di un gruppo rock, gli ha consegnato anche il cd che sancirà il loro ingresso nella scena dei rave illegali. Non è finita: Giovanni, detto Gi&#8217;, sta per ficcarsi in un brutto guaio e Demo, il Babbo Natale sponsorizzato da Nice, inizia ad acquistare un&#8217;esistenza autonoma…</p>
</div></div>



<div class="wp-block-media-text is-stacked-on-mobile" style="grid-template-columns:40% auto"><figure class="wp-block-media-text__media"><img loading="lazy" decoding="async" width="200" height="314" src="https://tondelli.comune.correggio.re.it/wp-content/uploads/2021/12/CristianoCavina-AllaGrande.jpg" alt="" class="wp-image-329 size-full" srcset="https://tondelli.comune.correggio.re.it/wp-content/uploads/2021/12/CristianoCavina-AllaGrande.jpg 200w, https://tondelli.comune.correggio.re.it/wp-content/uploads/2021/12/CristianoCavina-AllaGrande-191x300.jpg 191w" sizes="auto, (max-width: 200px) 100vw, 200px" /></figure><div class="wp-block-media-text__content">
<p><strong>Cristiano Cavina, Alla grande, Marcos y Marcos</strong></p>



<p>Di babbo si sa poco o nulla, mamma è ruvida e silenziosa, nonno passa giornate facendo partitine al bar, nonna e la gatta giocano a fare i soprammobili. Bastiano Casaccia è invece un ragazzino di campagna turbolento e un po&#8217; ingenuo. Ma sa trasformare un bidone del rusco in un sommergibile, la propria bicicletta in una Turboberta fedele e scattante, dalle prestazioni imbattibili. La sua fantasia trasforma un mondo modesto, quasi isolato, in un grande e avvincente teatro.</p>
</div></div>



<div class="wp-block-media-text is-stacked-on-mobile" style="grid-template-columns:40% auto"><figure class="wp-block-media-text__media"><img loading="lazy" decoding="async" width="150" height="223" src="https://tondelli.comune.correggio.re.it/wp-content/uploads/2021/12/SciltianGastaldi-Angeli.jpg" alt="" class="wp-image-333 size-full"/></figure><div class="wp-block-media-text__content">
<p><strong>Sciltian Gastaldi, Angeli da un&#8217;ala soltanto, Pequod</strong></p>



<p>Due diciannovenni come tanti si amano, con un&#8217;intensità tale da farli sentire come angeli da un&#8217;ala soltanto: possono volare solo abbracciati. I due, romani, si conoscono attraverso le asettiche righe di un &#8220;messaggio in bottiglia&#8221; lasciato nella bacheca di un sito internet. Inizia così un rapporto bello, condito però dalle incertezze che dominano ogni prima relazione gay, tra crisi e rappacificazioni. Fino a quando l&#8217;amore finisce e l&#8217;adolescente sognatore lascia spazio a un giovane uomo che ha imparato il senso del disincanto.</p>
</div></div>



<div class="wp-block-media-text is-stacked-on-mobile" style="grid-template-columns:40% auto"><figure class="wp-block-media-text__media"><img loading="lazy" decoding="async" width="200" height="300" src="https://tondelli.comune.correggio.re.it/wp-content/uploads/2021/12/ilmangiatoredipietre.jpg" alt="" class="wp-image-330 size-full"/></figure><div class="wp-block-media-text__content">
<p><strong>Davide Longo, Il mangiatore di pietre, Marcos y Marcos</strong></p>



<p>È sera in una valle del Piemonte al confine con la Francia. Cesare è nella sua baita quando si accorge che manca l&#8217;acqua. Sale a dare un&#8217;occhiata. Al torrente lo aspetta una macabra scoperta: è il cadavere del suo amico Fausto, morto assassinato, a tappare la condotta. La voce si sparge in fretta e la gente non parla volentieri. Tutti, polizia compresa, sono convinti che il delitto sia legato al traffico di clandestini attraverso il passo. Cesare indaga da solo sulla morte dell&#8217;amico, scoprendo che il movente è da ricercare in un&#8217;altra direzione.</p>
</div></div>



<div class="wp-block-media-text is-stacked-on-mobile" style="grid-template-columns:40% auto"><figure class="wp-block-media-text__media"><img loading="lazy" decoding="async" width="248" height="366" src="https://tondelli.comune.correggio.re.it/wp-content/uploads/2021/12/MarcoMancassola-Lastloveparade.jpg" alt="" class="wp-image-331 size-full" srcset="https://tondelli.comune.correggio.re.it/wp-content/uploads/2021/12/MarcoMancassola-Lastloveparade.jpg 248w, https://tondelli.comune.correggio.re.it/wp-content/uploads/2021/12/MarcoMancassola-Lastloveparade-203x300.jpg 203w" sizes="auto, (max-width: 248px) 100vw, 248px" /></figure><div class="wp-block-media-text__content">
<p><strong>Marco Mancassola, Last love parade, Mondadori</strong></p>



<p>La Love Parade è stata per oltre un decennio l&#8217;evento più importante dell&#8217;anno per molti amanti della musica techno, sparsi in tutto il mondo. Marco Mancassola, che di Love Parade ne ha vissute tante &#8220;sulla propria pelle&#8221;, racconta in questo libro la nascita e l&#8217;evoluzione della techno e ripercorre attraverso la sua memoria di adolescente e di ventenne le esperienze personali, e non, che hanno segnato gli anni Novanta.</p>
</div></div>



<div class="wp-block-media-text is-stacked-on-mobile" style="grid-template-columns:40% auto"><figure class="wp-block-media-text__media"><img loading="lazy" decoding="async" width="196" height="300" src="https://tondelli.comune.correggio.re.it/wp-content/uploads/2021/12/AlessioOdini-Il-sottile-respiro-elettrico-di-Milano.jpg" alt="" class="wp-image-328 size-full"/></figure><div class="wp-block-media-text__content">
<p><strong>Alessio Odini, Il sottile respiro elettrico di Milano, Edizioni Clandestine</strong></p>



<p>Il libro rappresenta un affresco socio-culturale di una generazione di passaggio, in cerca di punti di riferimento sempre più sfuggenti: nel corso del racconto si incontrano e si scontrano individui e comunità di persone mosse più dalla noia e dall&#8217;insoddisfazione che dall&#8217;ideologia. Le periferie, come le metropoli tutte, appaiono come luoghi privi di certezze e prospettive che non siano le indicazioni &#8220;omologate&#8221; della televisione. Il romanzo di Odini riflette il disagio di rapportarsi al mondo circostante delle nuove generazioni.</p>
</div></div>



<div class="wp-block-media-text is-stacked-on-mobile" style="grid-template-columns:40% auto"><figure class="wp-block-media-text__media"><img loading="lazy" decoding="async" width="183" height="276" src="https://tondelli.comune.correggio.re.it/wp-content/uploads/2021/12/MattiaSignorini.jpg" alt="" class="wp-image-332 size-full"/></figure><div class="wp-block-media-text__content">
<p><strong>Mattia Signorini, Severo American Bar, Pequod</strong></p>



<p>Un romanzo generazionale che mette a nudo il quotidiano di un gruppo di amici. C&#8217;è un viaggio a Torino per staccarsi dall&#8217;afa e dall&#8217;inclemenza esistenziale della pianura; c&#8217;è il mondo anonimo della provincia polesana con le serate ai bar o all&#8217;argine del fiume passate a scoprire il cuore e le illusioni; c&#8217;è una vacanza in Inghilterra e in Irlanda; c&#8217;è il ritorno alla Rovigo di sempre ma ormai guardata con amarezza, dopo aver scoperto che il valore fondamentale dell&#8217;amicizia nasconde qualche crepa.</p>
</div></div>



<div class="wp-block-media-text is-stacked-on-mobile" style="grid-template-columns:40% auto"><figure class="wp-block-media-text__media"><img loading="lazy" decoding="async" width="191" height="300" src="https://tondelli.comune.correggio.re.it/wp-content/uploads/2021/12/shulim-vogelmann.jpg" alt="" class="wp-image-334 size-full"/></figure><div class="wp-block-media-text__content">
<p><strong>Shulim Vogelmann, Mentre la città bruciava, La Giuntina</strong></p>



<p>Tra cronaca e diario, il libro ci fa conoscere Israele attraverso gli occhi di un giovane ebreo italiano alla ricerca delle proprie radici. Con l&#8217;onestà e la curiosità dei vent&#8217;anni, l&#8217;autore ci racconta la quotidianità di un gruppo di ragazzi che vivono tra dubbi e domande a cui è difficile dare risposta. Ne emerge uno spaccato della realtà israeliana, in cui le contraddizioni vengono vissute nella loro drammaticità, senza cercare mai di tirarsi indietro di fronte alla fatica dell&#8217;interrogarsi. Un libro che affronta senza paura i vari aspetti dell&#8217;identità ebraica.</p>
</div></div>
