{"id":1727,"date":"2021-12-23T10:40:01","date_gmt":"2021-12-23T09:40:01","guid":{"rendered":"https:\/\/tondelli.comune.correggio.re.it\/seminario-tondelli-2005\/"},"modified":"2021-12-23T10:40:01","modified_gmt":"2021-12-23T09:40:01","slug":"seminario-tondelli-2005","status":"publish","type":"page","link":"https:\/\/tondelli.comune.correggio.re.it\/en\/pier-vittorio-tondelli\/essential-bibliography\/catalogs\/records-and-documents\/giornate-tondelli-quinta-edizione-1955-2005-a-proposito-di-pier\/seminario-tondelli-2005\/","title":{"rendered":"Seminario Tondelli 2005"},"content":{"rendered":"\n<p>Correggio, Sala Conferenze Palazzo Principi<\/p>\n\n\n\n<p><em>Venerd\u00ec 17 dicembre &#8211; Prima Sessione<\/em><\/p>\n\n\n\n<p>Presentazione di Viller Masoni<br>(responsabile centro documentazione Tondelli)<\/p>\n\n\n\n<p><a href=\"https:\/\/tondelli.comune.correggio.re.it\/wp-content\/uploads\/2021\/12\/Antonio-Spadaro2005.pdf\" data-type=\"URL\" data-id=\"https:\/\/tondelli.comune.correggio.re.it\/wp-content\/uploads\/2021\/12\/Antonio-Spadaro2005.pdf\" target=\"_blank\" rel=\"noreferrer noopener\">Introduzione di <strong>Antonio Spadaro<\/strong><\/a> (Universit\u00e0 Gregoriana &#8211; Roma)<\/p>\n\n\n\n<p><strong>Mauro Vianello<\/strong><br><a href=\"https:\/\/tondelli.comune.correggio.re.it\/wp-content\/uploads\/2021\/12\/MauroVianello.pdf\" data-type=\"URL\" data-id=\"https:\/\/tondelli.comune.correggio.re.it\/wp-content\/uploads\/2021\/12\/MauroVianello.pdf\" target=\"_blank\" rel=\"noreferrer noopener\">Il Rapporto con le Istituzioni. Ipotesi per l&#8217;Analisi di un Tondelli &#8220;sociale&#8221;. <\/a><\/p>\n\n\n\n<p><strong>Bruno Casini<\/strong><br><a href=\"https:\/\/tondelli.comune.correggio.re.it\/wp-content\/uploads\/2021\/12\/BrunoCasini.pdf\" data-type=\"URL\" data-id=\"https:\/\/tondelli.comune.correggio.re.it\/wp-content\/uploads\/2021\/12\/BrunoCasini.pdf\" target=\"_blank\" rel=\"noreferrer noopener\">Tondelli e Firenze. Gli anni &#8220;fiorentini&#8221; di Tondelli. La fiorentinit\u00e0 di Tondelli. <\/a><\/p>\n\n\n\n<p><strong>Anna Maria Renzi<\/strong><br><a href=\"https:\/\/tondelli.comune.correggio.re.it\/wp-content\/uploads\/2021\/12\/AnnaMariaRenzi.pdf\" data-type=\"URL\" data-id=\"https:\/\/tondelli.comune.correggio.re.it\/wp-content\/uploads\/2021\/12\/AnnaMariaRenzi.pdf\" target=\"_blank\" rel=\"noreferrer noopener\">Pier Vittorio Tondelli e le arti figurative<\/a><\/p>\n\n\n\n<p><strong>Fabrizio Frasnedi<\/strong><br>&#8220;Bruno si abbandon\u00f2 sul letto e ringrazi\u00f2 Dio per avergli fatto conoscere, attraverso il corpo di Aelred, la preghiera nascosta e universale delle sue creature&#8221; (P.V. Tondelli, Rimini).<\/p>\n\n\n\n<p><strong>Massimo Sannelli<\/strong><br><a rel=\"noreferrer noopener\" href=\"https:\/\/tondelli.comune.correggio.re.it\/wp-content\/uploads\/2021\/12\/Massimo-Sannelli2005.pdf\" data-type=\"URL\" data-id=\"https:\/\/tondelli.comune.correggio.re.it\/wp-content\/uploads\/2021\/12\/Massimo-Sannelli2005.pdf\" target=\"_blank\">L&#8217;Antologia di una &#8220;Cosa&#8221;.<\/a> <\/p>\n\n\n\n<p><strong>Federica Bianchi<\/strong><br><a href=\"https:\/\/tondelli.comune.correggio.re.it\/wp-content\/uploads\/2021\/12\/FedericaBianchi2005.pdf\" data-type=\"URL\" data-id=\"https:\/\/tondelli.comune.correggio.re.it\/wp-content\/uploads\/2021\/12\/FedericaBianchi2005.pdf\" target=\"_blank\" rel=\"noreferrer noopener\">Una rilettura fenomenologica di Camere Separate: appunti per un&#8217;ermeneutica dell&#8217;abbandono fra malinconia e nostalgia<\/a><\/p>\n\n\n\n<p><strong>Nadia Cerrone<\/strong><br>Pao Pao, Camere Separate: un confronto.<\/p>\n\n\n\n<p><em>Sabato 18 dicembre &#8211; Seconda Sessione<\/em><\/p>\n\n\n\n<p><strong>Marta Carball\u00e9s M\u00e8ndez<\/strong><br><a href=\"https:\/\/tondelli.comune.correggio.re.it\/wp-content\/uploads\/2021\/12\/marta-carballes-mendez.pdf\" data-type=\"URL\" data-id=\"https:\/\/tondelli.comune.correggio.re.it\/wp-content\/uploads\/2021\/12\/marta-carballes-mendez.pdf\" target=\"_blank\" rel=\"noreferrer noopener\">Ram\u00f2n del Valle-Incl\u00e0n, Pedro Almod\u00f2var e Pier Vittorio Tondelli: Affinit\u00e0 in tre Maestri &#8220;Universali&#8221; del Linguaggio Narrativo.<\/a><\/p>\n\n\n\n<p><strong>Lucia Sicuro<\/strong><br>Pier Vittorio Tondelli e Ren\u00e9 Girard: descrizione di un&#8217;ipotesi critica.<\/p>\n\n\n\n<p><strong>Stefano Lilla<\/strong><br><a href=\"https:\/\/tondelli.comune.correggio.re.it\/wp-content\/uploads\/2021\/12\/Stefano-Lilla.pdf\" data-type=\"URL\" data-id=\"https:\/\/tondelli.comune.correggio.re.it\/wp-content\/uploads\/2021\/12\/Stefano-Lilla.pdf\" target=\"_blank\" rel=\"noreferrer noopener\">Dentro il &#8220;Postoristoro&#8221;.<\/a><\/p>\n\n\n\n<h3 class=\"wp-block-heading\">Prospettive per Pier Vittorio Tondelli<\/h3>\n\n\n\n<p><em>Presentazione del volume monografico della Rivista &#8220;Poetiche&#8221;<\/em><\/p>\n\n\n\n<p><strong>Giulio Iacoli<\/strong><\/p>\n\n\n\n<p><strong>Luigi Weber<\/strong><\/p>\n\n\n\n<p><strong>Giorgio Nisini<\/strong><br><a href=\"https:\/\/tondelli.comune.correggio.re.it\/wp-content\/uploads\/2021\/12\/Giorgio-Nisini2005.pdf\" data-type=\"URL\" data-id=\"https:\/\/tondelli.comune.correggio.re.it\/wp-content\/uploads\/2021\/12\/Giorgio-Nisini2005.pdf\" target=\"_blank\" rel=\"noreferrer noopener\">Il senso della fine. <\/a><br><a href=\"https:\/\/tondelli.comune.correggio.re.it\/wp-content\/uploads\/2021\/12\/Giorgio-Nisini2005.pdf\" data-type=\"URL\" data-id=\"https:\/\/tondelli.comune.correggio.re.it\/wp-content\/uploads\/2021\/12\/Giorgio-Nisini2005.pdf\" target=\"_blank\" rel=\"noreferrer noopener\">Qualche appunto sul postmoderno in Tondelli.<\/a><\/p>\n\n\n\n<p><strong>Alberto Sebastiani<\/strong><\/p>\n","protected":false},"excerpt":{"rendered":"<p>Correggio, Sala Conferenze Palazzo Principi Venerd\u00ec 17 dicembre &#8211; Prima Sessione Presentazione di Viller Masoni(responsabile centro documentazione Tondelli) Introduzione di Antonio Spadaro (Universit\u00e0 Gregoriana &#8211; Roma) Mauro VianelloIl Rapporto con le Istituzioni.<\/p>\n","protected":false},"author":1,"featured_media":0,"parent":1728,"menu_order":0,"comment_status":"closed","ping_status":"closed","template":"","meta":{"footnotes":""},"tags":[],"class_list":["post-1727","page","type-page","status-publish","hentry"],"_links":{"self":[{"href":"https:\/\/tondelli.comune.correggio.re.it\/en\/wp-json\/wp\/v2\/pages\/1727","targetHints":{"allow":["GET"]}}],"collection":[{"href":"https:\/\/tondelli.comune.correggio.re.it\/en\/wp-json\/wp\/v2\/pages"}],"about":[{"href":"https:\/\/tondelli.comune.correggio.re.it\/en\/wp-json\/wp\/v2\/types\/page"}],"author":[{"embeddable":true,"href":"https:\/\/tondelli.comune.correggio.re.it\/en\/wp-json\/wp\/v2\/users\/1"}],"replies":[{"embeddable":true,"href":"https:\/\/tondelli.comune.correggio.re.it\/en\/wp-json\/wp\/v2\/comments?post=1727"}],"version-history":[{"count":0,"href":"https:\/\/tondelli.comune.correggio.re.it\/en\/wp-json\/wp\/v2\/pages\/1727\/revisions"}],"up":[{"embeddable":true,"href":"https:\/\/tondelli.comune.correggio.re.it\/en\/wp-json\/wp\/v2\/pages\/1728"}],"wp:attachment":[{"href":"https:\/\/tondelli.comune.correggio.re.it\/en\/wp-json\/wp\/v2\/media?parent=1727"}],"wp:term":[{"taxonomy":"post_tag","embeddable":true,"href":"https:\/\/tondelli.comune.correggio.re.it\/en\/wp-json\/wp\/v2\/tags?post=1727"}],"curies":[{"name":"wp","href":"https:\/\/api.w.org\/{rel}","templated":true}]}}

<p>Correggio, Sala Conferenze Palazzo Principi</p>



<p><em>Venerdì 17 dicembre &#8211; Prima Sessione</em></p>



<p>Presentazione di Viller Masoni<br>(responsabile centro documentazione Tondelli)</p>



<p><a href="https://tondelli.comune.correggio.re.it/wp-content/uploads/2021/12/Antonio-Spadaro2005.pdf" data-type="URL" data-id="https://tondelli.comune.correggio.re.it/wp-content/uploads/2021/12/Antonio-Spadaro2005.pdf" target="_blank" rel="noreferrer noopener">Introduzione di <strong>Antonio Spadaro</strong></a> (Università Gregoriana &#8211; Roma)</p>



<p><strong>Mauro Vianello</strong><br><a href="https://tondelli.comune.correggio.re.it/wp-content/uploads/2021/12/MauroVianello.pdf" data-type="URL" data-id="https://tondelli.comune.correggio.re.it/wp-content/uploads/2021/12/MauroVianello.pdf" target="_blank" rel="noreferrer noopener">Il Rapporto con le Istituzioni. Ipotesi per l&#8217;Analisi di un Tondelli &#8220;sociale&#8221;. </a></p>



<p><strong>Bruno Casini</strong><br><a href="https://tondelli.comune.correggio.re.it/wp-content/uploads/2021/12/BrunoCasini.pdf" data-type="URL" data-id="https://tondelli.comune.correggio.re.it/wp-content/uploads/2021/12/BrunoCasini.pdf" target="_blank" rel="noreferrer noopener">Tondelli e Firenze. Gli anni &#8220;fiorentini&#8221; di Tondelli. La fiorentinità di Tondelli. </a></p>



<p><strong>Anna Maria Renzi</strong><br><a href="https://tondelli.comune.correggio.re.it/wp-content/uploads/2021/12/AnnaMariaRenzi.pdf" data-type="URL" data-id="https://tondelli.comune.correggio.re.it/wp-content/uploads/2021/12/AnnaMariaRenzi.pdf" target="_blank" rel="noreferrer noopener">Pier Vittorio Tondelli e le arti figurative</a></p>



<p><strong>Fabrizio Frasnedi</strong><br>&#8220;Bruno si abbandonò sul letto e ringraziò Dio per avergli fatto conoscere, attraverso il corpo di Aelred, la preghiera nascosta e universale delle sue creature&#8221; (P.V. Tondelli, Rimini).</p>



<p><strong>Massimo Sannelli</strong><br><a rel="noreferrer noopener" href="https://tondelli.comune.correggio.re.it/wp-content/uploads/2021/12/Massimo-Sannelli2005.pdf" data-type="URL" data-id="https://tondelli.comune.correggio.re.it/wp-content/uploads/2021/12/Massimo-Sannelli2005.pdf" target="_blank">L&#8217;Antologia di una &#8220;Cosa&#8221;.</a> </p>



<p><strong>Federica Bianchi</strong><br><a href="https://tondelli.comune.correggio.re.it/wp-content/uploads/2021/12/FedericaBianchi2005.pdf" data-type="URL" data-id="https://tondelli.comune.correggio.re.it/wp-content/uploads/2021/12/FedericaBianchi2005.pdf" target="_blank" rel="noreferrer noopener">Una rilettura fenomenologica di Camere Separate: appunti per un&#8217;ermeneutica dell&#8217;abbandono fra malinconia e nostalgia</a></p>



<p><strong>Nadia Cerrone</strong><br>Pao Pao, Camere Separate: un confronto.</p>



<p><em>Sabato 18 dicembre &#8211; Seconda Sessione</em></p>



<p><strong>Marta Carballés Mèndez</strong><br><a href="https://tondelli.comune.correggio.re.it/wp-content/uploads/2021/12/marta-carballes-mendez.pdf" data-type="URL" data-id="https://tondelli.comune.correggio.re.it/wp-content/uploads/2021/12/marta-carballes-mendez.pdf" target="_blank" rel="noreferrer noopener">Ramòn del Valle-Inclàn, Pedro Almodòvar e Pier Vittorio Tondelli: Affinità in tre Maestri &#8220;Universali&#8221; del Linguaggio Narrativo.</a></p>



<p><strong>Lucia Sicuro</strong><br>Pier Vittorio Tondelli e René Girard: descrizione di un&#8217;ipotesi critica.</p>



<p><strong>Stefano Lilla</strong><br><a href="https://tondelli.comune.correggio.re.it/wp-content/uploads/2021/12/Stefano-Lilla.pdf" data-type="URL" data-id="https://tondelli.comune.correggio.re.it/wp-content/uploads/2021/12/Stefano-Lilla.pdf" target="_blank" rel="noreferrer noopener">Dentro il &#8220;Postoristoro&#8221;.</a></p>



<h3 class="wp-block-heading">Prospettive per Pier Vittorio Tondelli</h3>



<p><em>Presentazione del volume monografico della Rivista &#8220;Poetiche&#8221;</em></p>



<p><strong>Giulio Iacoli</strong></p>



<p><strong>Luigi Weber</strong></p>



<p><strong>Giorgio Nisini</strong><br><a href="https://tondelli.comune.correggio.re.it/wp-content/uploads/2021/12/Giorgio-Nisini2005.pdf" data-type="URL" data-id="https://tondelli.comune.correggio.re.it/wp-content/uploads/2021/12/Giorgio-Nisini2005.pdf" target="_blank" rel="noreferrer noopener">Il senso della fine. </a><br><a href="https://tondelli.comune.correggio.re.it/wp-content/uploads/2021/12/Giorgio-Nisini2005.pdf" data-type="URL" data-id="https://tondelli.comune.correggio.re.it/wp-content/uploads/2021/12/Giorgio-Nisini2005.pdf" target="_blank" rel="noreferrer noopener">Qualche appunto sul postmoderno in Tondelli.</a></p>



<p><strong>Alberto Sebastiani</strong></p>

<p>Correggio, Sala Conferenze Palazzo Principi Venerdì 17 dicembre &#8211; Prima Sessione Presentazione di Viller Masoni(responsabile centro documentazione Tondelli) Introduzione di Antonio Spadaro (Università Gregoriana &#8211; Roma) Mauro VianelloIl Rapporto con le Istituzioni.</p>
